 156622 is divided by 598.
544
What is the remainder when 16592993 is divided by 47681?
5
What is the remainder when 293880697 is divided by 161?
152
Calculate the remainder when 137531 is divided by 45621.
668
What is the remainder when 1477347 is divided by 90?
87
What is the remainder when 10895196 is divided by 363173?
6
What is the remainder when 13009224 is divided by 3677?
3675
What is the remainder when 58281033 is divided by 94?
93
Calculate the remainder when 360477521 is divided by 5783.
5782
Calculate the remainder when 4445871 is divided by 2667.
2649
What is the remainder when 17648934 is divided by 76402?
72
What is the remainder when 3171310 is divided by 2447?
2445
What is the remainder when 1974083 is divided by 131605?
8
Calculate the remainder when 607878 is divided by 7151.
43
What is the remainder when 34971008 is divided by 562?
558
What is the remainder when 304346044 is divided by 63?
37
Calculate the remainder when 191426 is divided by 95712.
2
Calculate the remainder when 1164096 is divided by 265.
216
Calculate the remainder when 5000275 is divided by 6419.
6293
Calculate the remainder when 75836 is divided by 1937.
293
What is the remainder when 1222478 is divided by 5158?
32
Calculate the remainder when 9203282 is divided by 541369.
9
What is the remainder when 227912 is divided by 15130?
962
What is the remainder when 9264479 is divided by 3088156?
11
What is the remainder when 4151042 is divided by 34306?
16
What is the remainder when 3090139 is divided by 3090138?
1
What is the remainder when 646259 is divided by 107701?
53
Calculate the remainder when 2867350 is divided by 1433675.
0
Calculate the remainder when 10636515 is divided by 48129.
6
Calculate the remainder when 749303 is divided by 2927.
2918
What is the remainder when 4990828 is divided by 10?
8
What is the remainder when 562988 is divided by 281126?
736
What is the remainder when 22586000 is divided by 231?
206
What is the remainder when 54896 is divided by 2448?
1040
Calculate the remainder when 48749 is divided by 9593.
784
Calculate the remainder when 1049648 is divided by 528.
512
What is the remainder when 602375 is divided by 4937?
61
What is the remainder when 55660992 is divided by 27830468?
56
Calculate the remainder when 5919 is divided by 468.
303
What is the remainder when 247628 is divided by 247598?
30
What is the remainder when 1424870 is divided by 113?
53
Calculate the remainder when 15943684 is divided by 66.
64
Calculate the remainder when 4412546 is divided by 27.
17
What is the remainder when 1122649 is divided by 21?
10
What is the remainder when 19771057 is divided by 122?
103
What is the remainder when 1120386 is divided by 90?
66
Calculate the remainder when 41664 is divided by 1727.
216
Calculate the remainder when 4558578 is divided by 1519515.
33
What is the remainder when 17209168 is divided by 12?
4
Calculate the remainder when 134141 is divided by 14690.
1931
What is the remainder when 561809 is divided by 3154?
397
What is the remainder when 1079855 is divided by 6666?
6629
What is the remainder when 1479851 is divided by 177?
131
Calculate the remainder when 239905 is divided by 59779.
789
What is the remainder when 193011008 is divided by 193010989?
19
What is the remainder when 5929223 is divided by 1976400?
23
What is the remainder when 47302063 is divided by 172?
171
Calculate the remainder when 1555847 is divided by 1578.
1517
Calculate the remainder when 43697528 is divided by 6467.
9
Calculate the remainder when 406449 is divided by 1639.
1616
Calculate the remainder when 9307149 is divided by 5383.
5325
Calculate the remainder when 10905898 is divided by 30.
28
Calculate the remainder when 434214 is divided by 677.
257
What is the remainder when 151996 is divided by 151289?
707
What is the remainder when 692596 is divided by 69258?
16
Calculate the remainder when 3273817 is divided by 3235.
3232
Calculate the remainder when 28927754 is divided by 682.
42
What is the remainder when 589767 is divided by 589762?
5
What is the remainder when 131910 is divided by 736?
166
Calculate the remainder when 562888 is divided by 281416.
56
Calculate the remainder when 43434439 is divided by 140.
139
Calculate the remainder when 4688241 is divided by 43815.
36
Calculate the remainder when 14407 is divided by 4801.
4
What is the remainder when 1401287 is divided by 917?
111
Calculate the remainder when 40191382 is divided by 12.
10
What is the remainder when 445732 is divided by 12221?
5776
Calculate the remainder when 8387172 is divided by 25036.
112
Calculate the remainder when 1197363 is divided by 2255.
2213
Calculate the remainder when 45075746 is divided by 18504.
2
Calculate the remainder when 10480 is divided by 425.
280
What is the remainder when 2229000 is divided by 637?
137
What is the remainder when 1070160061 is divided by 97?
92
What is the remainder when 1376412 is divided by 657?
654
What is the remainder when 823468 is divided by 137232?
76
What is the remainder when 104663041 is divided by 82?
45
Calculate the remainder when 2882134 is divided by 3848.
3830
Calculate the remainder when 86844 is divided by 3337.
82
What is the remainder when 44472442 is divided by 155?
152
What is the remainder when 4189358 is divided by 2226?
26
Calculate the remainder when 95481 is divided by 63.
36
Calculate the remainder when 471354 is divided by 860.
74
What is the remainder when 2049258 is divided by 183?
24
Calculate the remainder when 334619117 is divided by 3954.
5
What is the remainder when 4624684 is divided by 1156161?
40
What is the remainder when 5058 is divided by 4929?
129
Calculate the remainder when 7931 is divided by 263.
41
Calculate the remainder when 7483759 is divided by 122.
35
Calculate the remainder when 2258546 is divided by 55017.
2849
What is the remainder when 750641 is divided by 4580?
4101
What is the remainder when 2137228 is divided by 103?
81
Calculate the remainder when 7476793 is divided by 330.
313
Calculate the remainder when 27873 is divided by 13658.
557
What is the remainder when 3975 is divided by 2098?
1877
What is the remainder when 45955 is divided by 7224?
2611
Calculate the remainder when 17374438 is divided by 430.
288
Calculate the remainder when 27076270 is divided by 9025423.
1
Calculate the remainder when 99334012 is divided by 2073.
2071
Calculate the remainder when 101685 is divided by 11289.
84
Calculate the remainder when 112880 is divided by 415.
0
Calculate the remainder when 11070061 is divided by 230626.
13
Calculate the remainder when 209016947 is divided by 4236.
4235
Calculate the remainder when 28581076 is divided by 15.
1
Calculate the remainder when 2698696 is divided by 1647.
910
What is the remainder when 4780277 is divided by 4164?
5
Calculate the remainder when 2339529 is divided by 3295.
79
What is the remainder when 16103565 is divided by 122?
53
What is the remainder when 50887170 is divided by 12721780?
50
Calculate the remainder when 23048 is divided by 1439.
24
Calculate the remainder when 2023745 is divided by 32641.
3
Calculate the remainder when 97631 is divided by 509.
412
What is the remainder when 549729 is divided by 54969?
39
Calculate the remainder when 45341089 is divided by 269887.
73
What is the remainder when 15159 is divided by 7407?
345
Calculate the remainder when 74007693 is divided by 14.
11
What is the remainder when 18796017 is divided by 286?
97
What is the remainder when 112185839 is divided by 1230?
1229
Calculate the remainder when 79426 is divided by 25623.
2557
Calculate the remainder when 7490 is divided by 877.
474
Calculate the remainder when 55814 is divided by 139.
75
Calculate the remainder when 2522661 is divided by 61524.
177
What is the remainder when 29395905 is divided by 653242?
15
Calculate the remainder when 99175748 is divided by 1647.
1643
Calculate the remainder when 56695 is divided by 1648.
663
Calculate the remainder when 2533169 is divided by 9047.
9
What is the remainder when 345839 is divided by 114895?
1154
Calculate the remainder when 337183024 is divided by 28.
24
Calculate the remainder when 20152 is divided by 2851.
195
Calculate the remainder when 1482005 is divided by 393.
2
Calculate 